/(-45))/(-7) - (-1)/9?
7
Let y = -2079 + 3956. What is the tens digit of y?
7
Let h(d) = -d**3 + 0*d**2 + d + 6*d**2 - 5*d**2 + 57 + 10. Let v be h(0). Suppose -v = -4*t + 81. What is the tens digit of t?
3
Let f be (-9)/(-3) + -1*65. Let g(y) = -y**3 + 9*y**2 + 11*y - 14. Let o be g(10). Let k = o - f. What is the tens digit of k?
5
What is the units digit of ((0 + 1)*-53)/((-60)/480)?
4
What is the hundreds digit of 1382 - ((-460)/(-368))/(2/8)?
3
Suppose 141*x = 144*x - 1512. What is the hundreds digit of x?
5
Suppose -3*r - 6 = -18. Let t(o) = 14*o - 10. What is the tens digit of t(r)?
4
Let j(d) = -d + 13. Let r be j(-5). Suppose -13*f = -r*f + 475. What is the units digit of f?
5
Let s(l) = -l**3 + 11*l**2 - l + 16. Let k be s(11). Suppose -4*z + 305 + 7 = 2*w, k*z - 313 = -2*w. What is the units digit of w?
4
Suppose -5*b + 4 = -b, -2*i - 483 = -3*b. Let r = i - -369. What is the units digit of r?
9
Suppose -1322 = -55*u + 1978. What is the units digit of u?
0
Suppose 4 = -2*r - 3*u - 0, 0 = -4*r + 3*u - 8. Let d be r/9 - (-168)/27. Suppose v = d*v - 20. What is the units digit of v?
4
What is the hundreds digit of -3 - (-32)/10 - 24426/(-45)?
5
Let f(a) = -a**2 - 34*a + 3. Let b be f(-14). Suppose 57 = -4*o - 2*v + b, 2*v + 152 = 3*o. Suppose 3*q = -0*q + o. What is the units digit of q?
8
Let q(u) = -482*u**3 - 2*u**2 + 5*u + 12. What is the hundreds digit of q(-2)?
8
Suppose 3*g = 9 + 18. Suppose 13*q = g*q + 188. What is the tens digit of q?
4
Let m(f) = f**3 + 8*f**2 - 3*f + 6. Let o be m(-8). Suppose 5*y - o = -y. What is the units digit of y?
5
Let t(q) be the second derivative of -q**3/6 + 11*q**2 + 6*q. What is the units digit of t(6)?
6
Suppose 4*k + k + d - 71 = 0, -k + 4*d + 31 = 0. Suppose -32*a + k = -37*a. What is the units digit of (9/a)/(-1) - -47?
0
Let m be 1 + 0 + 47*-5. Let z = m + 330. What is the units digit of z?
6
Suppose 18*h + 76 = 20398. What is the thousands digit of h?
1
Suppose 15 = -2*u + 5*d - 0, -20 = 3*u - 5*d. Let r(y) be the second derivative of y**5/20 + 5*y**4/12 - y**3/3 - 2*y**2 - 3*y. What is the units digit of r(u)?
6
Suppose 16 + 6 = 5*y - 3*g, -5*y - 2*g = -27. Suppose 3*z - y*z + 78 = 0. Let p = -19 + z. What is the units digit of p?
0
Let l = 9 + -6. Let q = l + 2. Suppose -5*i = 2*c - 1 - 59, q*c + 2*i - 108 = 0. What is the units digit of c?
0
Suppose 7 - 13 = -2*j. Suppose -263 + 720 = 2*m - n, 5*m = j*n + 1144. What is the units digit of m?
7
Suppose -2*p = 2*m - 10, 5*m - 13 = 4*m - 3*p. Let j(b) = 7*b - 1. Let y be j(m). What is the units digit of ((-4)/y)/((-8)/264)?
2
Let d(h) = -294*h**3 + h**2 - 2*h - 2. Let q be d(-1). Suppose -2*f + 7*f = q. What is the units digit of f?
9
Suppose -5*j + 5507 = -4*z + 15094, 0 = 5*z + 2*j - 11992. What is the units digit of z?
8
Suppose 103*p - 4 = 104*p. What is the hundreds digit of 0 + (294 - 3 - p)?
2
Let x(j) = 43*j - 38. Let l be x(16). What is the hundreds digit of l/4*(-102)/(-85)?
1
Suppose -2*h + 8 = -4*h. Let c be (h + 4)/(3 - 1). Suppose 5*z - 3*z - 26 = c. What is the units digit of z?
3
Let r(l) = -4*l - 3. Let j be r(-3). Suppose -j = 4*b - 25. Suppose 0 = b*s + s - 20. What is the units digit of s?
4
Let m(v) = v**2 - 8*v - 121. What is the hundreds digit of m(32)?
6
Let w = 1535 - 815. What is the units digit of w?
0
Let d(r) = r**3 + r**2 - 2*r - 1. Let a be (10/15)/(2/3). Let o be (a - 0)/(3/9). What is the tens digit of d(o)?
2
Let a = 115 + 111. What is the tens digit of a?
2
Let i = 32 + 28. Let x = 69 + i. What is the hundreds digit of x?
1
Let z = 8 + -6. Let h be 85/(-25) - (-2)/5. What is the units digit of (h/z)/((-6)/8)?
2
Let o = 725 - 377. What is the hundreds digit of o?
3
Let x(a) = 9*a**2 - 7*a**2 - a**3 - 8 + 12*a**2 - 13*a + 0. Let y be x(13). What is the units digit of (-275)/(-10)*y/(-10)?
2
Let u be (4/(-16))/(-1) - 7/(-4). Suppose 0*z + 4*z - 53 = -c, 0 = -3*c + u*z + 131. What is the units digit of c?
5
Suppose 2*j + 74 = 306. Suppose 0 = 5*r - 7*r + j. What is the units digit of r?
8
What is the units digit of (31317/(-22) - 9)/((-1)/2)?
5
Let x(q) = 123*q**2 + 3*q - 9. What is the hundreds digit of x(3)?
1
Suppose -603 = l + 4*l + 2*x, -3*l - 5*x = 377. Let w = l - -273. What is the hundreds digit of w?
1
Suppose -2*a + 10091 = 5*n + 3026, 2850 = 2*n - 4*a. What is the units digit of n?
5
Let q(c) be the first derivative of -14*c**3/3 - c + 5. Let g be q(-2). Let z = -33 - g. What is the units digit of z?
4
Suppose 3*n + 224 = 11*n. Suppose t = -q + 13 + n, 4*q - 140 = 2*t. What is the units digit of q?
7
Suppose -2*d + 12 = d. What is the tens digit of ((-38)/d)/((-16)/32)?
1
Let f(r) = -24*r**3 - 6*r**2 + 10*r + 56. What is the thousands digit of f(-4)?
1
Let j = -16 - -24. Suppose -s = -j - 50. What is the tens digit of s?
5
Let f(p) be the first derivative of p**3/3 + 2*p**2 - 2*p + 8. Let v be f(4). What is the units digit of v + 6/(-4)*2?
7
Suppose 0 = 3*j + 3*d + 855, -3*d = -j - 3*j - 1133. What is the units digit of (j/12 - 3)*(-1 + -2)?
0
Let r(j) = 2*j**2 + 3*j + 1 + 2*j - 3*j. Let u be r(2). Let y = -7 + u. What is the units digit of y?
6
Let s(p) = -148*p - 118. What is the hundreds digit of s(-5)?
6
Let f = 141 + -92. Suppose 3*u + f = 310. What is the tens digit of u?
8
Let r(j) = j**3 - 4*j + 2. Let v be r(-3). Let p(s) = 19*s - 3. Let n be p(2). Let i = v + n. What is the tens digit of i?
2
Suppose -2*j + 20 = -3*t, -2*j - 3*t + 8 = 3*j. Suppose 5*h + 4*i - 30 = j*h, 5*i - 26 = -h. What is the tens digit of h?
4
Suppose -w + 70 = 27. Let x = 33 + w. What is the units digit of x?
6
Let o(n) = n**3 - 11*n**2 + 2*n + 6. Let j(c) = -c**3 - 6*c**2 - 2*c - 1. Let a be j(-6). Suppose -3*d + 22 + a = 0. What is the units digit of o(d)?
8
Let l be 486/36*8/(-6). Let o(m) = 2*m**2 + 33*m - 8. What is the units digit of o(l)?
6
Let d be 18/(-7)*28/(-6). What is the units digit of 548/d + (-3)/(-9)?
6
Suppose -5*q - 5226 = -2*c, -5*q + 10426 = 4*c - 2*q. What is the tens digit of c?
0
Let q(z) = 5*z - 11. Let r be q(7). Let j = 35 + r. Suppose -2*f + j = -c + 2*c, -4*c = f - 236. What is the tens digit of c?
5
Let o be -7 + -4*3/6. Let r(h) = -h**3 - 9*h**2 - 2*h - 3. What is the tens digit of r(o)?
1
Suppose -5*t + 19838 = 8*t. What is the hundreds digit of t?
5
Let d(w) = 3*w - 5. Let q be d(-8). Let y = -60 - q. Let m = y + 66. What is the units digit of m?
5
Let h(j) = -j + 3. Let q be h(3). Suppose q = 4*l - 16 - 296. What is the tens digit of l?
7
Let n(c) be the second derivative of -c**5/20 + 7*c**4/6 - 11*c**3/6 + 9*c**2/2 - 18*c. What is the hundreds digit of n(11)?
2
Let q(b) = -2*b**2 + 9*b - 6. Let i(a) = a - 1. Let r(o) = 6*i(o) - q(o). Suppose -4*p = 5*l - 0*l - 4, 4*l = -4*p. What is the tens digit of r(l)?
2
Suppose 4270 = 5*l + 2*b, l = 5*b - 135 + 1016. Suppose t - 8*c = -9*c + 286, 2*c - l = -3*t. What is the hundreds digit of t?
2
Suppose -35*w + 5*d - 3216 = -39*w, 0 = w - 5*d - 804. What is the tens digit of w?
0
Let j = 4185 + -2174. What is the hundreds digit of j?
0
Let n(f) = -35*f - 352. What is the hundreds digit of n(-15)?
1
Let v(q) = -q + 37. Let k be v(-10). Let y = k + -20. What is the tens digit of y?
2
Suppose -5*o + 3*y + 8040 = 0, 2*o - 19*y + 18*y - 3216 = 0. What is the units digit of o?
8
What is the tens digit of ((-8361)/(-18))/(-3 - 7/(-2))?
2
Let l be 144 - (-3 + 0/4). What is the tens digit of l + 4/(-12)*-3?
4
Let r be 1/(-1)*1*-13. Let j(s) = s**2 - 15*s + 5. Let z be j(14). Let c = r + z. What is the units digit of c?
4
Let k = 8 - 14. Let u = -9 - k. What is the tens digit of (-7)/21 + (-55)/u?
1
Suppose 2*v = -3*o + v + 60, 2*o - 57 = 5*v. Let b be (-12)/(-42) + 1926/o. Suppose -3*q - b = -7*q. What is the units digit of q?
3
Suppose -583*n - 352 = -585*n. What is the hundreds digit of n?
1
Suppose 0 = -4*y - c - 18, -4*y - 5*c - 10 = 0. What is the units digit of -48*y/((-30)/(-4))?
2
Let n(r) = -r**2 + 13*r - 7. Let g be n(11). Suppose 7*a - g = 2*a. Suppose 0 = -2*h - 5*o + 55, -4*o + 95 - 9 = a*h. What is the tens digit of h?
3
Let m be 3/(-9) + (-20)/(-15). What is the units digit of ((-3)/9)/(m/(-183))?
1
Let u(v) = -13*v + 58. Let z(b) = -19*b + 87. Let y(s) = -7*u(s) + 5*z(s). What is the hundreds digit of y(-20)?
1
Let b(z) = z**2 - 4*